{"id":16,"date":"2022-08-28T14:19:25","date_gmt":"2022-08-28T12:19:25","guid":{"rendered":"https:\/\/www.naumal.com\/?page_id=16"},"modified":"2023-05-25T11:29:40","modified_gmt":"2023-05-25T09:29:40","slug":"technologia","status":"publish","type":"page","link":"https:\/\/www.naumal.com\/index.php\/home\/technologia\/","title":{"rendered":"Technologia"},"content":{"rendered":"\n<div class=\"wp-block-columns is-layout-flex wp-container-core-columns-is-layout-9d6595d7 wp-block-columns-is-layout-flex\">\n<div class=\"wp-block-column col-12 col-md-6 col-lg-4 my-4 is-layout-flow wp-block-column-is-layout-flow\" style=\"flex-basis:100%\">\n<p><\/p>\n\n\n\n<div class=\"wp-block-columns row align-items-center is-layout-flex wp-container-core-columns-is-layout-9d6595d7 wp-block-columns-is-layout-flex\">\n<div class=\"wp-block-column col-12 col-md-6 col-lg-4 my-4 is-layout-flow wp-block-column-is-layout-flow\">\n<h2 class=\"wp-block-heading\">TECHNOLOGIE<\/h2>\n\n\n\n<p>W naszej fabryce posiadamy najnowocze\u015bniejszy park maszynowy w Europie (pracujemy na maszynach marki Fom oraz FinTec). W dobie zautomatyzowania wielu proces\u00f3w produkcyjnych \u015blusarka aluminiowa jednak nie korzysta z technologii, kt\u00f3ra pozwala na zautomatyzowanie produkcji w 100%. Powoduje to, \u017ce czynnik ludzki nadal jest w tym procesie niezb\u0119dny. Istotne jest to, \u017ce po odpowiednim maszynowym prefabrykowaniu element\u00f3w dalej prace wykonuje si\u0119 manualnie. W zwi\u0105zku z tym ogromny nacisk k\u0142adziemy na wyspecjalizowany zesp\u00f3\u0142 fachowc\u00f3w. Zar\u00f3wno na specjalist\u00f3w zajmuj\u0105cych si\u0119 projektowaniem \u015blusarki, jak i fachowc\u00f3w odpowiedzialnych ju\u017c bezpo\u015brednio za proces produkcji.<\/p>\n<\/div>\n\n\n\n<div class=\"wp-block-column col-12 col-md-6 col-lg-7 is-layout-flow wp-block-column-is-layout-flow\">\n<figure class=\"wp-block-image size-full wow filter-in\"><img loading=\"lazy\" decoding=\"async\" width=\"842\" height=\"561\" src=\"https:\/\/www.naumal.com\/wp-content\/uploads\/2022\/08\/technologie1.jpg\" alt=\"\" class=\"wp-image-18\" srcset=\"https:\/\/www.naumal.com\/wp-content\/uploads\/2022\/08\/technologie1.jpg 842w, https:\/\/www.naumal.com\/wp-content\/uploads\/2022\/08\/technologie1-300x200.jpg 300w, https:\/\/www.naumal.com\/wp-content\/uploads\/2022\/08\/technologie1-768x512.jpg 768w\" sizes=\"auto, (max-width: 842px) 100vw, 842px\" \/><\/figure>\n<\/div>\n<\/div>\n<\/div>\n<\/div>\n\n\n\n<p><\/p>\n\n\n\n<p><\/p>\n","protected":false},"excerpt":{"rendered":"<p>TECHNOLOGIE W naszej fabryce posiadamy najnowocze\u015bniejszy park maszynowy w Europie (pracujemy na maszynach marki Fom oraz FinTec). W dobie zautomatyzowania wielu proces\u00f3w produkcyjnych \u015blusarka aluminiowa jednak nie korzysta z technologii, kt\u00f3ra pozwala na zautomatyzowanie produkcji w 100%. Powoduje to, \u017ce czynnik ludzki nadal jest w tym procesie niezb\u0119dny. Istotne jest to, \u017ce po odpowiednim maszynowym [&hellip;]<\/p>\n","protected":false},"author":1,"featured_media":21,"parent":121,"menu_order":3,"comment_status":"closed","ping_status":"closed","template":"","meta":{"footnotes":""},"class_list":["post-16","page","type-page","status-publish","has-post-thumbnail","hentry"],"_links":{"self":[{"href":"https:\/\/www.naumal.com\/index.php\/wp-json\/wp\/v2\/pages\/16","targetHints":{"allow":["GET"]}}],"collection":[{"href":"https:\/\/www.naumal.com\/index.php\/wp-json\/wp\/v2\/pages"}],"about":[{"href":"https:\/\/www.naumal.com\/index.php\/wp-json\/wp\/v2\/types\/page"}],"author":[{"embeddable":true,"href":"https:\/\/www.naumal.com\/index.php\/wp-json\/wp\/v2\/users\/1"}],"replies":[{"embeddable":true,"href":"https:\/\/www.naumal.com\/index.php\/wp-json\/wp\/v2\/comments?post=16"}],"version-history":[{"count":15,"href":"https:\/\/www.naumal.com\/index.php\/wp-json\/wp\/v2\/pages\/16\/revisions"}],"predecessor-version":[{"id":337,"href":"https:\/\/www.naumal.com\/index.php\/wp-json\/wp\/v2\/pages\/16\/revisions\/337"}],"up":[{"embeddable":true,"href":"https:\/\/www.naumal.com\/index.php\/wp-json\/wp\/v2\/pages\/121"}],"wp:featuredmedia":[{"embeddable":true,"href":"https:\/\/www.naumal.com\/index.php\/wp-json\/wp\/v2\/media\/21"}],"wp:attachment":[{"href":"https:\/\/www.naumal.com\/index.php\/wp-json\/wp\/v2\/media?parent=16"}],"curies":[{"name":"wp","href":"https:\/\/api.w.org\/{rel}","templated":true}]}}